8?
False
Is 8466672 a multiple of 85?
False
Is 84 a factor of 500471748?
True
Is 170 a factor of 824374200?
True
Is 420 a factor of 445226040?
True
Does 98 divide 24056550?
True
Does 80 divide 255740720?
True
Is 70 a factor of 68021379?
False
Is 35 a factor of 50927407?
False
Is 57683509 a multiple of 471?
False
Is 21355095 a multiple of 14?
False
Does 20 divide 1250880?
True
Is 1881 a factor of 5130284544?
True
Is 807639434 a multiple of 391?
True
Is 144717048 a multiple of 252?
True
Is 143 a factor of 78597887?
False
Does 5 divide 9521149?
False
Is 8509299 a multiple of 13?
False
Is 134 a factor of 1506155?
False
Does 6380 divide 855239788?
False
Is 291047150 a multiple of 50?
True
Does 1303 divide 499854254?
True
Is 11 a factor of 3435719?
False
Does 49 divide 15236648?
True
Does 782 divide 641451922?
True
Is 1269 a factor of 574672146?
False
Is 427 a factor of 1036610393?
True
Is 120812217 a multiple of 239?
False
Does 27 divide 389380612?
False
Is 87 a factor of 1599842348?
False
Does 510 divide 1469634360?
True
Does 3066 divide 190700611?
False
Is 26282011 a multiple of 231?
False
Is 2655 a factor of 251324955?
True
Does 25 divide 445966941?
False
Is 57 a factor of 3276237170?
False
Is 10 a factor of 176122580?
True
Does 61 divide 188556368?
True
Does 9 divide 725285988?
True
Is 5556072 a multiple of 12?
True
Is 465850206 a multiple of 279?
True
Is 712847409 a multiple of 219?
True
Is 68 a factor of 66383781?
False
Is 272339979 a multiple of 45?
False
Is 86077673 a multiple of 5393?
True
Is 6419 a factor of 3054313587?
False
Does 10 divide 49130?
True
Is 15 a factor of 324305955?
True
Is 663682536 a multiple of 14344?
True
Is 89 a factor of 341718772?
False
Is 6276 a factor of 1275640932?
True
Does 3220 divide 386773627?
False
Does 84 divide 205855433?
False
Does 105 divide 27794763?
False
Is 162711357 even?
False
Does 1257 divide 46829535?
True
Is 26 a factor of 2217909951?
False
Is 21919725 a multiple of 652?
False
Does 696 divide 203135256?
True
Is 69890760 a multiple of 9?
True
Does 26 divide 9226412?
True
Is 181702629 a multiple of 369?
False
Does 33 divide 74981181?
True
Does 11 divide 3626271?
True
Is 55 a factor of 4986494768?
False
Is 435953258 a multiple of 44?
False
Is 417129810 a multiple of 29?
False
Is 65 a factor of 19249555?
True
Is 267 a factor of 1626435?
False
Is 86 a factor of 131954444?
True
Is 5729101 a multiple of 4?
False
Does 224 divide 20508709?
False
Is 280 a factor of 699496000?
True
Is 2561493 a multiple of 11?
True
Is 6560636800 a multiple of 1060?
True
Is 221 a factor of 142053209?
False
Is 153 a factor of 1245716208?
True
Is 1552936 a multiple of 4?
True
Does 9390 divide 3109554840?
True
Does 73 divide 37597072?
False
Is 4032 a factor of 1420878483?
False
Does 58 divide 118363555?
False
Is 9142419 a multiple of 429?
True
Is 1007 a factor of 1468472925?
False
Is 241 a factor of 39115505?
True
Is 172836743 a multiple of 2251?
False
Does 397 divide 59247425?
False
Is 16 a factor of 160698032?
True
Does 9 divide 1413409?
False
Is 8 a factor of 12550831?
False
Is 1041 a factor of 82218180?
True
Is 3375885111 a multiple of 8539?
True
Is 46831611 a multiple of 5?
False
Is 5441 a factor of 1124841521?
False
Is 3 a factor of 4535370?
True
Does 2 divide 343626?
True
Does 24 divide 1236835109?
False
Is 154930864 a multiple of 2354?
True
Is 68 a factor of 2626712847?
False
Is 14 a factor of 3018694?
True
Is 9 a factor of 7244414?
False
Does 18 divide 1789558776?
True
Is 344 a factor of 838328?
True
Is 81879525 a multiple of 273?
True
Is 273 a factor of 61346943?
False
Does 147 divide 12052061?
False
Does 13 divide 425626909?
False
Does 38 divide 27857426?
False
Is 717 a factor of 10159890?
True
Is 143 a factor of 44048387?
False
Is 25 a factor of 1145650?
True
Is 459288653 a multiple of 353?
True
Is 1459768 a multiple of 2?
True
Is 758847824 a multiple of 28?
True
Is 21920152 a multiple of 472?
True
Does 3194 divide 173539602?
True
Does 244 divide 27481121?
False
Does 32 divide 65205944?
False
Is 714823725 a multiple of 825?
True
Is 5 a factor of 19786806?
False
Does 534 divide 57379902?
True
Is 6 a factor of 3246390?
True
Is 529586489 a multiple of 10?
False
Does 26 divide 5753124?
True
Is 816127256 a multiple of 8?
True
Is 9 a factor of 251369520?
False
Is 25518350 a multiple of 86?
True
Is 3310516 a multiple of 282?
False
Is 13 a factor of 530500376?
False
Is 167875848 a multiple of 189?
True
Is 71630145 a multiple of 655?
True
Does 369 divide 697209422?
False
Is 919 a factor of 126778807?
True
Is 189977768 a multiple of 764?
True
Is 578741786 a multiple of 133?
True
Is 1405924260 a multiple of 390?
True
Is 14 a factor of 240379100?
False
Is 277 a factor of 1085186834?
True
Does 7220 divide 1295770439?
False
Is 385 a factor of 226131985?
False
Is 56 a factor of 1959875818?
False
Does 27 divide 156519?
True
Is 159 a factor of 455409549?
True
Is 150 a factor of 256577389?
False
Is 136274143 a multiple of 940?
False
Is 358285294 a multiple of 101?
False
Is 3058 a factor of 669065959?
False
Is 517 a factor of 8291755?
False
Is 146311706 a multiple of 334?
True
Does 1518 divide 34261502?
False
Is 102 a factor of 47193462?
True
Does 507 divide 317887281?
False
Is 48707802 a multiple of 99?
True
Is 23 a factor of 20000570?
True
Is 10 a factor of 78138390?
True
Does 417 divide 550375365?
True
Does 62 divide 44518356?
True
Is 13 a factor of 3901493860?
False
Is 28355112 a multiple of 117?
False
Is 3214 a factor of 1004188259?
False
Does 2640 divide 13582026?
False
Is 101986597 a multiple of 1152?
False
Is 39494258 a multiple of 331?
True
Is 1829817610 a multiple of 370?
True
Is 4313 a factor of 99980044?
False
Is 4 a factor of 86892008?
True
Does 18 divide 536524174?
False
Does 2448 divide 44010144?
True
Is 14 a factor of 4764708?
False
Is 137326735 a multiple of 91?
True
Is 40605956 a multiple of 46?
False
Is 22 a factor of 167599849?
False
Does 23 divide 535807172?
True
Does 8 divide 279899360?
True
Is 362 a factor of 731750782?
True
Is 32452732 a multiple of 71?
False
Is 6 a factor of 19298546?
False
Is 562321065 a multiple of 15?
True
Is 2 a factor of 685950731?
False
Is 56513772 a multiple of 7?
True
Is 576 a factor of 68495040?
True
Is 381 a factor of 22732839?
False
Is 370 a factor of 8871898?
False
Is 2873 a factor of 162712355?
True
Does 40 divide 43375840?
True
Is 167 a factor of 26551695?
False
Is 4450896 a multiple of 108?
True
Is 25241411 a multiple of 45?
False
Does 24 divide 49409544?
True
Is 2 a factor of 55179045?
False
Is 10 a factor of 50725484?
False
Is 414725304 a multiple of 84?
True
Does 653 divide 17384166?
True
Is 505 a factor of 63824877?
False
Is 20 a factor of 370638967?
False
Is 5727793537 a multiple of 7104?
False
Does 40 divide 727419428?
False
Does 1369 divide 8957092?
False
Does 59 divide 1604707557?
False
Does 350 divide 15463425?
False
Is 257348608 a multiple of 737?
True
Is 189761817 even?
False
Is 245 a factor of 698831875?
True
Is 9637251 a multiple of 87?
True
Is 53 a factor of 6548680?
True
Is 200497752 a multiple of 117?
True
Is 554 a factor of 43582072?
True
Does 14 divide 3562664?
True
Is 680521084 a multiple of 34?
True
Does 386 divide 770867090?
True
Is 319097520 a multiple of 72?
True
Does 16 divide 3007233376?
True
Is 310007634 a multiple of 76?
False
Is 196 a factor of 333494392?
True
Is 270286950 a multiple of 41?
False
Is 27975111 even?
False
Is 1424948049 a multiple of 483?
True
Is 135221800 a multiple of 20?
True
Does 20 divide 2812123820?
True
Is 17 a factor of 9953449?
True
Does 1102 divide 234363442?
True
Is 4 a factor of 17041527?
False
Does 39 divide 255803?
False
Is 241 a factor of 3030402?
False
Is 508 a factor of 58793775?
False
Does 1604 divide 3483337828?
True
Is 148189985 a multiple of 1207?
False
Is 3 a factor of 352476535?
False
Is 263 a factor of 434144587?
False
Is 4 a factor of 4175772?
True
Is 164207940 a multiple of 5?
True
Is 920875 a multiple of 25?
True
Is 120371925 a multiple of 288?
False
Is 77825522 even?
True
Is 178939116 a multiple of 872?
False
Is 48337778 a multiple of 458?
True
Is 2575462357 a multiple of 51?
False
Does 248 divide 1353009880?
True
Is 374 a factor of 6056479?
False
Does 7 divide 261563589?
True
Does 4081 divide 87223213?
Tr